at is the remainder when t is divided by s?
7
Let d = -15 - -15. Suppose d = 2*v + 3*v + 25, -19 = -2*f - v. Calculate the remainder when 59 is divided by f.
11
Suppose -57 = -3*f - 0*f. Suppose 5*h - 2*h + 2*m = 36, h + 2 = 4*m. Calculate the remainder when f is divided by h.
9
Suppose -30 - 30 = -3*m. Calculate the remainder when m is divided by 11.
9
Suppose 5*b + 169 = 4*g + 4*b, 3*g - 122 = -4*b. Calculate the remainder when g is divided by 15.
12
Suppose -3*i = -i - 12. Calculate the remainder when 10 is divided by i.
4
Let p = 2 + -1. Suppose p + 2 = a. Suppose -4*g + 2*n + 36 = 0, 5*n - 6 = -4*g + 2*g. Calculate the remainder when g is divided by a.
2
Suppose 2*v = -6, 2*b = 6*b - 4*v + 48. Let a(z) = -z**3 + 6*z**2 - 6. Let p be a(6). Calculate the remainder when 46 is divided by (p/b)/(1/30).
10
Let w(c) = c**3 + 8*c**2 + 9*c + 23. Suppose 5*k - 4 = 4*k. What is the remainder when w(-7) is divided by k?
1
Calculate the remainder when 93 is divided by ((-6)/8 + 2)/((-1)/(-20)).
18
Let t = 13 + 4. Let o be (-4)/(-12) - (-30)/(-9). What is the remainder when t is divided by 2/o + (-60)/(-9)?
5
Suppose 20 = 4*i - 2*i. Let h(u) = 11 - u + u**2 + 1 + i*u - 1. Calculate the remainder when 20 is divided by h(-9).
9
Suppose 0 = k - 10 - 1. Calculate the remainder when 52 is divided by k.
8
Let s = 9 + -4. Suppose -4*q + 82 = -3*m, 2*q + m - s - 31 = 0. What is the remainder when q is divided by 5?
4
Let u be 0/((1/(-1))/1). Suppose u = -x + 35 + 8. Calculate the remainder when x is divided by 22.
21
Let a = 30 - 17. Calculate the remainder when 38 is divided by a.
12
Let d(m) = -m**3 + 5*m**2 - m + 4. What is the remainder when 33 is divided by d(3)?
14
Let v be 0 - (-5)/(15/9). Suppose 3*d - v*a - 42 = 0, -4*d + 56 = -7*a + 4*a. Suppose 0 = -5*f + 186 - 51. Calculate the remainder when f is divided by d.
13
Suppose i - 2 = 3*h, h + 5*i + 2 = -4. Let j be 4 - (-1)/(-3)*3. Let b = j - h. Calculate the remainder when 7 is divided by b.
3
Suppose -u + 3*j + 132 = -2*j, -123 = -u - 4*j. Calculate the remainder when u is divided by 32.
31
Suppose 3*x - 9 = 0, o + 3*x - 14 - 16 = 0. What is the remainder when 39 is divided by o?
18
Suppose 2*w = 5*w - 5*f - 34, -4*f - 61 = -5*w. What is the remainder when 17 is divided by w?
4
Suppose -4*b - 3*h + 71 = 0, -h + 11 = -b + 4*h. Let n = b + -11. Suppose 0 = n*z - z - 68. Calculate the remainder when z is divided by 12.
10
Calculate the remainder when 6 is divided by -1 + (2 - (1 - 2)).
0
Let j(w) be the third derivative of w**6/24 - w**5/60 + w**4/24 + w**3/3 + w**2. Suppose 3*c = -c + 56. What is the remainder when j(2) is divided by c?
12
Calculate the remainder when 32 is divided by (-2 - 0/(-4)) + 13.
10
Suppose -6*v + 254 = -v - 2*l, -156 = -3*v + 3*l. Let d(p) = 9*p - 1. What is the remainder when v is divided by d(2)?
16
Let d = 16 + 44. Calculate the remainder when d is divided by 31.
29
Let o(b) = 16*b**2. What is the remainder when 27 is divided by o(-1)?
11
Let v = 55 + -52. What is the remainder when 4 is divided by v?
1
Suppose z + z - 64 = 3*r, 2*r + 68 = 2*z. Let s be -4*z/(-4) + 2. What is the remainder when 22 is divided by (10/25)/(2/s)?
6
Let i(w) = w**3 + 16*w**2 + 16*w + 21. What is the remainder when i(-15) is divided by 1?
0
Let p = 7 - -1. What is the remainder when -1*5*3*-2 is divided by p?
6
Suppose 0*t = 4*t - 8. Suppose 10 = -t*w + 7*w. Suppose -x = w*s - 5, -5*x = -5*s + 3*s - 49. What is the remainder when 26 is divided by x?
8
Suppose 8 = r - 3*a, -a - 4 = -3*a. Let z = -10 + r. Calculate the remainder when 31 - (-1)/(-2)*z is divided by 10.
9
Let c = 0 + 0. Let s(w) = 11*w**2 + 5*w + 2. Let k be s(-3). Suppose c = 2*m + 4*r - k, 0*r = m - 3*r - 28. What is the remainder when m is divided by 13?
11
Let o = 83 + -64. Suppose -6*d + d + 270 = 0. What is the remainder when d is divided by o?
16
Let z = -27 - -33. What is the remainder when 5/(5/18) - 1 is divided by z?
5
Suppose -4*z = -0*z - 152. Suppose 2*t - z = 6. Let y = t + -11. Calculate the remainder when 32 is divided by y.
10
Suppose 0 = 2*f - 4*u, -3*f - 2*u + 25 = -3*u. Calculate the remainder when 95 is divided by f.
5
Suppose 5*l = -5*j + 7 + 8, -2*j + 4*l = 0. What is the remainder when j is divided by 1?
0
Let s(m) be the third derivative of -m**6/120 + m**5/20 - m**4/12 + m**3/3 + 5*m**2. Suppose 4 + 12 = 4*z. Calculate the remainder when z is divided by s(2).
0
What is the remainder when 11 is divided by (1 - -1)*70/20?
4
Let w(g) = 2*g - 6. Let c be w(5). Let n be (c + -3)/(2/4). Suppose -n*s + 4 = -0*s. What is the remainder when 2 is divided by s?
0
Let m = -26 - 43. Let f = -49 - m. Let q = 42 - 3. What is the remainder when q is divided by f?
19
Let t(g) = g**2 - 20*g - 40. Calculate the remainder when 4 is divided by t(22).
0
Suppose 4*t = -2 + 30. Suppose -3*l = -6*l + 123. Let o = -28 + l. What is the remainder when o is divided by t?
6
Suppose -8 = -2*u, 4*t + 5*u - 76 = 6*u. Calculate the remainder when 39 is divided by t.
19
Suppose 3*h - 20 + 2 = 0. Suppose -t = -h*t + 40. What is the remainder when t is divided by 3?
2
Suppose -q - h - 3 + 2 = 0, 5*q - 7 = -2*h. Suppose -l + 49 = 3*b + q*l, 0 = -3*l + 12. What is the remainder when b is divided by 3?
2
Let h = -4 - -20. Let s(z) = z**3 + 3*z**2 - z. Let t be s(-3). Suppose 5*j + t*v - 54 = 0, 5*v = 5*j - j - 21. What is the remainder when h is divided by j?
7
Let p be 2/7 + 24/14. Suppose -f = 5*r - 82, 4*r + 2*f = -p*f + 56. Calculate the remainder when r is divided by 10.
7
Suppose 0*z + z - 2 = 0. Let c = -3 + 7. What is the remainder when c is divided by z?
0
Let p(b) = b + 22. Let a be (-22)/8*(5 + -1). Let r(j) = j**3 + 11*j**2 - 3*j + 9. What is the remainder when r(a) is divided by p(0)?
20
Let g = 25 + 23. Suppose -v + g = v. Calculate the remainder when v is divided by 9.
6
Suppose 3 = -4*y - 3*z - 28, -z = 3*y + 17. Suppose -2*w = 11 + 9. Let t = y - w. Calculate the remainder when 15 is divided by t.
3
Suppose 4*l + 16 - 4 = 0. Let x = 41 + l. Calculate the remainder when x is divided by 10.
8
Let l = 22 - 9. Let y = l + 1. Calculate the remainder when 26 is divided by y.
12
Let w(x) be the second derivative of -x**5/20 - 3*x**4/4 - x**3/3 - 4*x**2 - 3*x. Calculate the remainder when 28 is divided by w(-9).
8
Let c = -10 + 36. Suppose 2*d = -x - 2*d + 29, 0 = -d + 5. What is the remainder when c is divided by x?
8
Let c(r) = -r**2 - 3*r. Let j be c(-3). Suppose 3*l - l - 46 = j. Calculate the remainder when l is divided by 8.
7
Suppose -8*n = -9 - 199. What is the remainder when 50 is divided by n?
24
Let i = 8 - 5. Suppose -i*y + 90 = -57. Suppose -5*f + y + 6 = 0. What is the remainder when f is divided by 3?
2
Let f(y) = 2*y + y**2 + 3*y - 9*y - 5. What is the remainder when 18 is divided by f(6)?
4
Suppose 2*c - 4*c + 2*w = -14, w + 40 = 4*c. Suppose 5*u - c - 44 = 0. Suppose 2*j - 2 = 6. What is the remainder when u is divided by j?
3
What is the remainder when 34 is divided by 1 + 8 + 0/3?
7
Let a(s) = 6*s - 3. What is the remainder when (-58)/((-12 + 6)/6) is divided by a(3)?
13
Let u = -21 + 31. Let n = -2 + 26. Let s = n - u. Calculate the remainder when s is divided by 8.
6
Suppose -39 = -4*m + f - 6*f, 17 = 2*m + 5*f. Suppose 0 = 12*q - 14*q + 38. Calculate the remainder when q is divided by m.
8
Suppose 4*d - 44 = 148. What is the remainder when d is divided by 13?
9
Suppose -2*i + 58 = -58. What is the remainder when i is divided by 20?
18
Suppose 3*s + 14 = -4. Let r be (-3)/s - 9/2. Let o = -3 - r. Calculate the remainder when 1 is divided by o.
0
Let p be 6 - (3 + 0 + -6). Let w = 15 - p. What is the remainder when 21 is divided by w?
3
Let x(u) = -u**2 - 8*u - 6. Let o = -12 - -5. Let r be x(o). Calculate the remainder when 76/12 + r/(-3) is divided by 4.
2
Let o(m) = 25*m**3 + m - 1. Let a be 2 - 2/(1 - -1). Let q be (0 - a)/((-2)/2). What is the remainder when o(q) is divided by 7?
4
Let k = 31 + 7. What is the remainder when 110 is divided by k?
34
Let k(l) = 2*l**2 + l + 2. What is the remainder when 8/(-60) - 694/(-30) is divided by k(-2)?
7
Suppose -l + 2 - 4 = 0. Let k(u) = 8*u + 1. Calculate the remainder when k(5) is divided by (l + -1 + 17)*1.
13
Let n(f) be the first derivative of 2*f**3/3 - 5*f**2/